 m(-79).
6
Let y(m) = -2*m**2 - 81*m + 8829. Calculate y(49).
58
Let u(k) = 2*k**2 - 237*k + 5603. Determine u(38).
-515
Let v(l) = -605*l - 110521. What is v(-183)?
194
Let m(h) = -h**3 - 23*h**2 - 1545*h - 16987. Determine m(-12).
-31
Let p(t) = -220*t**2 - 293*t - 1234. Give p(-4).
-3582
Let z(o) = -9639*o + 12251152. Determine z(1271).
-17
Let h(u) = 11*u**2 - 859*u - 12922. What is h(91)?
0
Let n(l) = -5660*l + 79319. Give n(14).
79
Let x(p) = 113*p + 7867. Give x(-75).
-608
Let t(f) = 39*f**2 + 4020*f + 562. Determine t(-103).
253
Let f(j) = -21*j**3 + 508*j**2 + 502*j - 6. Calculate f(-1).
21
Let q(n) = -12287*n - 208867. Give q(-17).
12
Let o(m) = m**3 - 21*m**2 - 1690*m - 5034. Determine o(54).
-66
Let j(p) = -3*p**2 + 164*p - 1785. Give j(10).
-445
Let g(z) = -z**3 - 142*z**2 + 1850*z + 6. Calculate g(12).
30
Let o(u) = 3913*u - 179990. Calculate o(46).
8
Let c(p) = -615*p + 82081. Give c(136).
-1559
Let r(b) = -b**3 - 383*b**2 - 1511*b + 11. What is r(-4)?
-9
Let x(v) = -3*v**2 - 314*v + 3930. Calculate x(-116).
-14
Let u(p) = -22660*p - 249263. Calculate u(-11).
-3
Let r(a) = -a**2 - 538*a - 19719. Calculate r(-39).
-258
Let g(a) = -2*a**3 - 1601*a**2 - 242979*a - 15. What is g(-597)?
-15
Let x(n) = 22*n**2 + 538*n + 2418. Give x(-6).
-18
Let a(u) = -2*u**2 + 272*u - 1362. What is a(5)?
-52
Let f(v) = 3*v**3 + 657*v**2 + 8*v + 1726. What is f(-219)?
-26
Let u(a) = -a**3 - 12*a**2 + 231445*a + 1620320. Give u(-7).
-40
Let s(u) = -16*u**2 - 1568*u - 2042. Give s(-97).
-490
Let c(x) = x**2 - 163*x + 5664. Give c(114).
78
Let q(l) = 19391*l - 116360. Give q(6).
-14
Let f(a) = 12*a**3 + 120*a**2 + 13*a + 130. Determine f(-10).
0
Let b(x) = -5*x**2 + 5125*x + 25726. Give b(-5).
-24
Let h(j) = 2*j**3 + 2846*j**2 + 89004*j - 27829. Give h(-1391).
-9
Let p(h) = -59*h**2 + 3177*h + 7110. Give p(56).
-2
Let q(s) = -2*s**3 - 22*s**2 + 242*s + 798. Calculate q(-17).
152
Let r(y) = -10844*y + 4467723. Determine r(412).
-5
Let m(o) = 6*o**3 + 102*o**2 + 2*o + 112. Give m(-17).
78
Let o(n) = -106*n**2 + 20142*n - 386. Give o(190).
-6
Let w(z) = 25885*z - 129415. Calculate w(5).
10
Let b(i) = i**2 - 1175*i - 10626. Give b(-9).
30
Let g(b) = -19699*b + 256192. Calculate g(13).
105
Let a(c) = -507*c - 1100. Determine a(-3).
421
Let d(j) = -2*j**3 - 377*j**2 - 651*j - 16783. What is d(-187)?
47
Let u(g) = -3*g**2 - 6184*g - 2871244. Calculate u(-1355).
1
Let g(v) = 4512*v + 207555. Calculate g(-46).
3
Let y(x) = -25463*x + 254431. Calculate y(10).
-199
Let b(s) = -s**3 + 12*s**2 + 13*s + 12. Determine b(-1).
12
Let r(g) = -92*g - 647. Give r(-4).
-279
Let t(f) = -25355*f + 127000. Give t(5).
225
Let l(b) = -17*b**3 + 292*b**2 - 323*b + 21. Give l(16).
-27
Let n(s) = -2*s**2 - 279*s + 671797. What is n(514)?
-1
Let v(h) = 1367*h - 8353. What is v(6)?
-151
Let h(f) = -5*f**3 + 3780*f**2 - 3754*f - 15844. Give h(755).
11
Let k(s) = -1400*s - 17929. Calculate k(-13).
271
Let t(o) = 30*o**3 + 276*o**2 - 293*o - 38. Calculate t(-10).
492
Let k(b) = 2*b**3 + 1064*b**2 - 1997*b + 74251. Give k(-534).
25
Let j(t) = -4916*t - 193098. Determine j(-39).
-1374
Let c(d) = -581*d**3 + 2338*d**2 - 3*d - 194. Give c(4).
18
Let f(h) = -h**2 + 1103*h - 154757. Give f(165).
13
Let n(y) = -340*y - 10186. Calculate n(-30).
14
Let q(a) = -5922*a**3 + 10*a + 9. Determine q(-1).
5921
Let c(l) = l**3 + 314*l**2 - 799*l - 52762. Determine c(-316).
10
Let d(z) = 4*z**3 - 17*z**2 - 729*z + 4266. Determine d(6).
144
Let m(j) = -2*j**3 + 82*j**2 - 17*j + 818. Give m(41).
121
Let g(t) = 125*t + 1872. Determine g(-13).
247
Let b(m) = -205*m - 30385. Calculate b(-150).
365
Let w(q) = -2372*q**2 - 18946*q - 4. Calculate w(-8).
-244
Let q(y) = -855*y + 662. What is q(2)?
-1048
Let v(j) = -503*j - 105000. Determine v(-213).
2139
Let w(r) = r**2 + 388*r + 37440. Give w(-204).
-96
Let a(s) = -217*s**2 + 4*s - 786. Give a(0).
-786
Let f(k) = -40*k**2 + 9076*k + 875. Calculate f(227).
-33
Let f(j) = -5*j**3 + 8*j**2 - 28*j + 3. Give f(-3).
294
Let h(r) = r**3 - 132*r**2 - 686*r - 274. Give h(137).
-411
Let f(t) = 14*t**3 + 3*t**2 - 39*t - 102. What is f(-4)?
-794
Let q(w) = 262*w**3 - 6*w**2 + 75*w + 81. Calculate q(-1).
-262
Let j(z) = 2*z**2 + 1155*z + 35063. Give j(-31).
1180
Let h(m) = -8697*m - 2548249. What is h(-293)?
-28
Let r(s) = -276*s**3 + 9937*s**2 - 37*s + 47. Calculate r(36).
11
Let z(j) = j**2 + 234*j + 9000. Calculate z(-186).
72
Let h(w) = 25*w**2 + 468*w + 1368. Determine h(-3).
189
Let q(p) = 75056*p + 750560. What is q(-10)?
0
Let p(h) = 516*h + 997. What is p(-2)?
-35
Let d(g) = 19*g**2 + 13709*g - 69014. Determine d(5).
6
Let o(b) = -5*b**2 - 767*b + 81138. Calculate o(72).
-6
Let t(l) = -341*l**2 - 31563*l + 13957. What is t(-93)?
7
Let b(a) = 8*a**2 + 18*a + 23. Give b(-3).
41
Let t(z) = -1990*z - 57837. What is t(-28)?
-2117
Let k(q) = q**2 - 96*q + 2290. Calculate k(50).
-10
Let d(l) = -7*l**2 + 149*l + 2528. What is d(-14)?
-930
Let q(m) = 6*m**2 - 299*m - 662. Determine q(52).
14
Let z(g) = 4*g - 1436. What is z(-43)?
-1608
Let g(l) = -1119*l + 110352. What is g(99)?
-429
Let g(x) = -8*x**2 - 3954*x + 35200. What is g(-503)?
-10
Let l(t) = -t**3 - 10*t**2 + 101*t + 562. Give l(-12).
-362
Let m(l) = -2*l**3 - 87*l**2 - 910*l + 409. Calculate m(-25).
34
Let g(o) = 62489*o + 52678224. What is g(-843)?
-3
Let h(q) = -1757*q + 47512. Calculate h(27).
73
Let y(j) = -5*j**3 - 141*j**2 - 145*j - 3327. Calculate y(-28).
-51
Let l(c) = 16187*c + 16663. Calculate l(-1).
476
Let o(w) = 7*w**2 + 676*w - 198. What is o(-96)?
-582
Let p(w) = -120*w**2 + 1049*w - 2021. Determine p(6).
-47
Let u(p) = -943*p**2 + 16*p - 12. Give u(-1).
-971
Let w(x) = -61*x**2 - 637*x + 636. Calculate w(1).
-62
Let u(i) = -145*i**2 + 2620*i - 33. Give u(18).
147
Let b(m) = -8*m**3 - 1054*m**2 - 34084*m + 103. Calculate b(-57).
-11
Let l(x) = x**3 - 96*x**2 + 1737*x - 48293. Calculate l(82).
5
Let y(w) = -4089*w - 507031. Determine y(-124).
5
Let d(t) = -t**3 - 13*t**2 - 131*t - 1089. What is d(-10)?
-79
Let n(c) = c**3 - 65*c**2 + 590*c - 38351. Give n(65).
-1
Let u(s) = -2*s**2 - 13*s + 960. Determine u(19).
-9
Let p(n) = 5466*n - 82121. Give p(15).
-131
Let j(d) = 1631*d**2 + 1759*d + 129. Determine j(-1).
1
Let n(b) = 4*b**2 - 760*b - 3050. What is n(-4)?
54
Let s(k) = 3265*k**2 - 3286*k - 3285. What is s(-1)?
3266
Let k(f) = f**3 + 50*f**2 + 588*f - 979. Calculate k(-25).
-54
Let p(j) = -3*j**3 + 312*j**2 - 924*j + 1520. What is p(101)?
5
Let f(i) = 53*i**2 - 382*i - 407. Give f(-1).
28
Let s(z) = 3*z**2 + 42*z - 1891. Determine s(28).
1637
Let b(u) = -5*u**2 - 259*u - 198. What is b(-49)?
488
Let l(c) = 5532135*c + 99578424. Give l(-18).
-6
Let x(q) = -q**3 + 26*q**2 - 52*q - 391. Determine x(-3).
26
Let z(a) = 3*a**3 + 72*a**2 - 65*a - 2836. What is z(-22)?
1498
Let y(i) = 2*i**3 + 172*i**2 + 1762*i - 1023. Give y(-74).
13
Let h(m) = -1372*m - 253850. Calculate h(-185).
-30
Let r(l) = l**2 - 16*l - 4404. Give r(-56).
-372
Let k(l) = 140542*l + 2670278. What is k(-19)?
-20
Let v(w) = 2479*w + 23691. Calculate v(-10).
-1099
Let y(q) = 3*q**2 - 77*q + 556. What is y(27)?
664
Let i(h) = 2*h**3 + 670*h**2 + 8294*h - 25148. Determine i(-322).
-32
Let t(w) = 22*w + 9701. What is t(-182)?
5697
Let k(g) = 11577*g - 7594531. Calculate k(656).
-19
Let d(g) = -448*g - 26099. Calculate d(-58).
-115
Let u(v) = -110*v**2 + 14636*v - 859. Calculate u(133).
-61
Let m(f) = 2*f**2 + 631*f + 10108. Calculate m(-17).
-41
Let g(n) = 1266091*n + 58240191. Give g(-46).
5
Let k(a) = 3*a**3 + 727*a**2 - 3459*a - 237. Give k(-247).
10
Let k(z) = -196*z + 24149. What is k(123)?
41
Let j(b) = b**3 - 172*b**2 + 483*b + 3326. Determine j(169).
-730
Let m(x) = 2*x**2 - 185*x + 2247. Calculate m(79).
114
Let d(o) = 93*o**2 - 721*o + 27. Give d(7).
-463
Let g(f) = f**2 - 3263*f - 72264. Give g(-22).
6
Let f(s) = -25*s**2 + 230*s - 223. Calculate f(1).
-18
Let o(r) = -57305*r - 687671. Determine o(-12).
-11
Let r(q) = 2*q**2 + 17502*q - 192787. Calculate r(11).
-23
Let g(x) = 9*x**2 + 103*x + 551. Determine g(-6).
257
Let b(c) = -26*c**2 + 8346*c + 80. Determine b(321).
80
Let a(j) = -3*j**2 + 87*j + 2585. What is a(-19)?
-151
Let y(k) = -26287*k - 972612. Calculate y(-37).
7
Let u(r) = 13*r**3 + 132*r**2 + 23*r + 106. G